?
-6e
In base 7, what is -2324 - 10031?
-12355
In base 11, what is -4 + -30567?
-30570
In base 2, what is 100010010 + -100101101?
-11011
In base 8, what is 103 + -20021?
-17716
In base 15, what is 4209 + 7e?
4288
In base 4, what is 1031 + -100033113?
-100032022
In base 7, what is 5 - 61134?
-61126
In base 4, what is 10213 - -23?
10302
In base 5, what is 33332 + -444?
32333
In base 8, what is 6 + 110650?
110656
In base 3, what is -11 + 121222021?
121222010
In base 8, what is 237363 + -1?
237362
In base 5, what is -140 - 11020?
-11210
In base 14, what is -55 + 379?
324
In base 15, what is -16d - 8?
-176
In base 4, what is -1122 + -13123?
-20311
In base 4, what is -1 + 10212033?
10212032
In base 6, what is 423 + 1000?
1423
In base 13, what is 4 - -c483?
c487
In base 8, what is 4 - -2521033?
2521037
In base 8, what is -31753 - -3?
-31750
In base 6, what is -122352 + -3?
-122355
In base 13, what is 626 - -30?
656
In base 7, what is 356164 + 0?
356164
In base 9, what is 1553 - 215?
1337
In base 2, what is 11000111011111101 - 100?
11000111011111001
In base 7, what is 4301 + -116?
4152
In base 6, what is 0 - -4305333?
4305333
In base 3, what is -10221 - -120012?
102021
In base 7, what is -4630 + -55?
-5015
In base 5, what is -133113 - -3?
-133110
In base 2, what is 10011110010000 - -100?
10011110010100
In base 14, what is 3 - b96?
-b93
In base 14, what is -6 - -2ab7?
2ab1
In base 10, what is -27846 - -55?
-27791
In base 16, what is -7fe - -21?
-7dd
In base 12, what is 5 - -6a5a?
6a63
In base 8, what is 5 - 157466?
-157461
In base 4, what is 11 + 100333032?
100333103
In base 15, what is 8 - -1a7b?
1a84
In base 4, what is 101112123 + 20?
101112203
In base 16, what is -45 + -13?
-58
In base 12, what is 5 - 176ab?
-176a6
In base 15, what is 18 + 1217a?
12193
In base 2, what is 101 - -10001000001111?
10001000010100
In base 16, what is 5 - -2493?
2498
In base 4, what is 2201302 + -102?
2201200
In base 13, what is -3 + 2941?
293b
In base 6, what is 42011005 + 5?
42011014
In base 6, what is 11550 - -251?
12241
In base 12, what is -1322 + 140?
-11a2
In base 8, what is -165762 + -3?
-165765
In base 6, what is 43341320 - -2?
43341322
In base 2, what is 11111010100111011 + 10000?
11111010101001011
In base 6, what is 4504 - -31?
4535
In base 16, what is -3ec - -84?
-368
In base 9, what is -4348 - -10?
-4338
In base 4, what is 212 - 1220?
-1002
In base 6, what is -114 - -1115?
1001
In base 7, what is -14 - 2061?
-2105
In base 10, what is 559 - -29?
588
In base 8, what is -3 + -252750?
-252753
In base 7, what is 4636252 - -2?
4636254
In base 15, what is -44 + -258?
-29c
In base 15, what is -84 - 14bd?
-1552
In base 10, what is 4 + 347506?
347510
In base 14, what is 274 + 11?
285
In base 9, what is 12 - 62561?
-62548
In base 13, what is b49 - -42c?
1278
In base 9, what is 51536 + -4?
51532
In base 10, what is -7 + 90512?
90505
In base 7, what is -61 - 1315?
-1406
In base 15, what is -2d390 + 5?
-2d38a
In base 15, what is b9b87 - -2?
b9b89
In base 9, what is 204861 + 5?
204866
In base 16, what is 1b8 + 1ca?
382
In base 3, what is -101201 - 2010212?
-2112120
In base 12, what is -832 - 18?
-84a
In base 4, what is 110 + 2133223?
2133333
In base 2, what is -100 - 1110111110101100010?
-1110111110101100110
In base 7, what is -11064314 + 1?
-11064313
In base 2, what is 100 + -1011100101101?
-1011100101001
In base 14, what is -2d7707 + 0?
-2d7707
In base 5, what is 2241 + 32?
2323
In base 10, what is 28851 + 2?
28853
In base 12, what is 1 + -24a696?
-24a695
In base 7, what is -1 + -26424?
-26425
In base 12, what is -48 - 5019?
-5065
In base 6, what is 1130 - -132?
1302
In base 12, what is -157 + 1910?
1775
In base 6, what is -1101 + -5305?
-10410
In base 9, what is -102 - 3567?
-3670
In base 15, what is -3 + -249c9c?
-249ca0
In base 2, what is -110111010111011000 + -1001?
-110111010111100001
In base 3, what is -11021211002 + 1?
-11021211001
In base 13, what is -15945 - 62?
-159a7
In base 13, what is -42 + 9cc?
98a
In base 8, what is 5 + 236703?
236710
In base 11, what is 180993 + 5?
180998
In base 16, what is -2a - 9fc?
-a26
In base 9, what is -8202 + 2?
-8200
In base 6, what is 24 - -342223?
342251
In base 14, what is 3bc7d - 2?
3bc7b
In base 9, what is -3 - -22511?
22507
In base 6, what is 25212 + -1054?
24114
In base 14, what is 2 + -465?
-463
In base 5, what is 1344 + 224?
2123
In base 6, what is 1424501 + 132?
1425033
In base 5, what is -4 + 343232?
343223
In base 15, what is -33cc6 + -6?
-33ccc
In base 14, what is -8 - 83db0?
-83db8
In base 5, what is 144 + -12024?
-11330
In base 3, what is -2 + 120222122?
120222120
In base 11, what is 5a157 + -2?
5a155
In base 10, what is 0 - -761928?
761928
In base 14, what is -1d - -643?
624
In base 13, what is -1132c + 4?
-11328
In base 7, what is -5121 - 1314?
-6435
In base 8, what is 16102561 + -1?
16102560
In base 5, what is -103141 - -41?
-103100
In base 7, what is -3 + -222143?
-222146
In base 16, what is -11fa - 67?
-1261
In base 11, what is -4 - 165373?
-165377
In base 7, what is 355 + -62?
263
In base 9, what is -100 - 3681?
-3781
In base 13, what is 744c - 1?
744b
In base 13, what is -282 - 20?
-2a2
In base 12, what is 7 - 32a9?
-32a2
In base 4, what is -20 - 1002303?
-1002323
In base 14, what is -528c4 - 10?
-528d4
In base 9, what is 610044 + 3?
610047
In base 16, what is 42bd - 1?
42bc
In base 14, what is 24 - 11808?
-117c4
In base 2, what is 0 + 10010001111?
10010001111
In base 15, what is -1b9 - 1?
-1ba
In base 15, what is 91 - -179?
21a
In base 8, what is -3 - -252263?
252260
In base 12, what is -7 + -1210a?
-12115
In base 15, what is e - 2c7c?
-2c6d
In base 12, what is -935a - 10?
-936a
In base 4, what is 10002132 + 21?
10002213
In base 5, what is 4 + 44430310?
44430314
In base 10, what is -2 - 99565?
-99567
In base 4, what is -3021001 + -21?
-3021022
In base 13, what is 101c8 - 7?
101c1
In base 3, what is 22200010021 + 20?
22200010111
In base 9, what is 46557 - 25?
46532
In base 7, what is 1 + -52265?
-52264
In base 7, what is 22 + -316041?
-316016
In base 3, what is -1212012210121 - -12?
-1212012210102
In base 13, what is -48 - -72c?
6b4
In base 15, what is -1ccee + -7?
-1cd06
In base 15, what is d6 + aa?
191
In base 15, what is b - -473c?
4748
In base 7, what is 1302505 + -3?
1302502
In base 12, what is 6bba0 + 26?
70006
In base 13, what is -17377 - -13?
-17364
In base 8, what is -104143 + -2?
-104145
In base 7, what is 4 - -311045?
311052
In base 2, what is 101 + 11000100110111?
11000100111100
In base 13, what is -b7 - 1c38?
-2022
In base 3, what is 1011000010 - 10?
1011000000
In base 7, what is 16142 + -25?
16114
In base 16, what is dac1 + 5?
dac6
In base 12, what is -41aa5 + 2?
-41aa3
In base 3, what is -11 - -2200201200022?
2200201200011
In base 10, what is -9 - 20811?
-20820
In base 7, what is -62 - -3600?
3505
In base 14, what is 4384dd + -3?
4384da
In base 3, what is -10 - -1121211022002?
1121211021222
In base 15, what is -5 - -23da?
23d5
In base 6, what is -45024 - -11?
-45013
In base 5, what is -1214 - 4001?
-10220
In base 15, what is -1979 - -b?
-196d
In base 3, what is 1012000 - -21020000?
22102000
In base 16, what is -35d + 12db?
f7e
In base 8, what is -125 - 45702?
-46027
In base 3, what is 11211011 + 22?
11211110
In base 6, what is 400452 + -11?
400441
In base 16, what is 6 + -10b35?
-10b2f
In base 2, what is 10001000 + -11011110011?
-11001101011
In base 9, what is -13011 - -85?
-12815
In base 7, what is -4 - -525543?
525536
In base 15, what is -e + 750?
741
In base 12, what is -45b797 + 5?
-45b792
In base 11, what is 342121 + -4?
342118
In base 10, what is -269 - 1034?
-1303
In base 10, what is 5195 + -1?
5194
In base 13, what is -4 + 6012?
600b
In base 5, what is 4 + -231201?
-231142
In base 4, what is -2 + 321202?
321200
In base 8, what is -1315 + 275?
-1020
In base 10, what is 4 + -86919?
-86915
In base 14, what is -27 - -10ad?
1086
In base 4, what is -2100 - 1223?
-3323
In base 10, what is -1972832 - 1?
-1972833
In base 6, what is -3 + -3141031?
-3141034
In base 11, what is 27281 - 31?
27250
In base 13, what is -4884 - -a?
-4877
In base 2, what is -11100 + 11010000001011?
11001111101111
In base 11, what is 14a362a + 1?
14a3630
In base 9, what is -4 - -1313760?
1313755
In base 10, what is 158